 a factor of 721594?
False
Does 5 divide 96433?
False
Is 22 a factor of 812851?
False
Is 2469218 a multiple of 377?
False
Does 87 divide 180264?
True
Is 2504700 a multiple of 11?
True
Does 438 divide 137532?
True
Does 5 divide 12035?
True
Is 5450930 a multiple of 83?
False
Is 285 a factor of 297530?
False
Is 2362407 a multiple of 35?
False
Is 631159 a multiple of 105?
False
Is 2085115 a multiple of 173?
False
Is 1676549 a multiple of 23?
False
Is 129770 a multiple of 53?
False
Is 21624003 a multiple of 717?
True
Is 422 a factor of 369810?
False
Is 4 a factor of 95660?
True
Is 41 a factor of 1153135?
False
Is 741 a factor of 7754443?
False
Is 15 a factor of 129660?
True
Does 27 divide 3835920?
False
Is 12 a factor of 745524?
True
Is 501 a factor of 14621184?
True
Is 3527941 a multiple of 404?
False
Is 1669 a factor of 2939109?
True
Is 81 a factor of 945189?
True
Is 1589418 a multiple of 18?
True
Is 31 a factor of 680729?
True
Does 75 divide 115575?
True
Is 6 a factor of 3588?
True
Is 48 a factor of 3150985?
False
Is 40 a factor of 137800?
True
Is 68 a factor of 164079?
False
Does 9 divide 223755?
False
Is 230 a factor of 546793?
False
Is 2202 a factor of 1146353?
False
Is 149184 a multiple of 12?
True
Is 11 a factor of 58375?
False
Is 1478037 a multiple of 71?
False
Does 11 divide 711414?
True
Is 163059 a multiple of 37?
True
Is 450312 a multiple of 696?
True
Does 199 divide 45173?
True
Is 392 a factor of 10859855?
False
Is 267 a factor of 1533114?
True
Does 380 divide 51901?
False
Is 106 a factor of 568012?
False
Is 182935 a multiple of 37?
False
Is 528 a factor of 14278176?
True
Is 750027 a multiple of 87?
True
Is 517 a factor of 737470?
False
Is 30 a factor of 3945510?
True
Is 1157822 a multiple of 20?
False
Is 1424 a multiple of 11?
False
Is 715571 a multiple of 418?
False
Is 10 a factor of 1241635?
False
Is 12242364 a multiple of 33?
False
Is 132 a factor of 27444?
False
Does 225 divide 214947?
False
Is 2704604 a multiple of 188?
False
Is 107 a factor of 60183?
False
Is 88596 a multiple of 12?
True
Does 22 divide 14993917?
False
Is 204 a factor of 960945?
False
Is 540500 a multiple of 470?
True
Does 40 divide 203422?
False
Is 24 a factor of 141269?
False
Is 10 a factor of 151610?
True
Does 1609 divide 4427734?
False
Does 14 divide 18242?
True
Does 10 divide 126210?
True
Is 13875 a multiple of 17?
False
Does 9 divide 2171051?
False
Does 12 divide 6295823?
False
Is 239 a factor of 503103?
False
Is 36721 a multiple of 87?
False
Is 2926093 a multiple of 278?
False
Does 177 divide 9763991?
False
Does 142 divide 30062?
False
Does 61 divide 133961?
False
Is 949725 a multiple of 1005?
True
Is 15 a factor of 1912879?
False
Is 198300 a multiple of 15?
True
Is 300273 a multiple of 101?
True
Does 77 divide 3244239?
False
Is 7495236 a multiple of 191?
False
Is 867172 a multiple of 503?
True
Is 201628 a multiple of 280?
False
Is 256 a factor of 2363136?
True
Is 439 a factor of 5086921?
False
Is 997 a factor of 7727733?
False
Is 28545777 a multiple of 234?
False
Is 4190135 a multiple of 43?
True
Does 93 divide 198741?
True
Is 10 a factor of 132240?
True
Does 137 divide 2572090?
False
Is 366483 a multiple of 51?
False
Does 11 divide 356427?
False
Is 6261 a multiple of 159?
False
Is 873 a factor of 7154338?
False
Is 29 a factor of 42974?
False
Is 708009 a multiple of 93?
True
Is 813334 a multiple of 51?
False
Is 279 a factor of 211080?
False
Does 19 divide 276126?
False
Does 604 divide 353944?
True
Does 123 divide 1605068?
False
Is 1453256 a multiple of 28?
True
Does 11 divide 320011?
False
Is 238 a factor of 189448?
True
Does 11 divide 5115?
True
Is 1018670 a multiple of 11?
False
Is 222300 a multiple of 12?
True
Does 6 divide 54550?
False
Does 87 divide 2381773?
False
Does 89 divide 1405043?
True
Is 37 a factor of 10379425?
True
Does 36 divide 224280?
True
Does 408 divide 4996778?
False
Does 124 divide 24302509?
False
Does 8 divide 404832?
True
Does 11 divide 1064274?
False
Is 10953 a multiple of 204?
False
Is 22 a factor of 7226208?
True
Is 1400303 a multiple of 9?
False
Is 13 a factor of 1905423?
True
Is 41058 a multiple of 24?
False
Is 42 a factor of 159299?
False
Is 547650 a multiple of 30?
True
Is 18 a factor of 1054114?
False
Is 51 a factor of 879444?
True
Is 43 a factor of 128742?
True
Does 59 divide 962492?
False
Is 2567181 a multiple of 17?
False
Is 404 a factor of 264960?
False
Is 17298264 a multiple of 12?
True
Does 10 divide 2041509?
False
Is 321 a factor of 766953?
False
Is 99 a factor of 308307?
False
Is 11 a factor of 181181?
True
Is 75740 a multiple of 218?
False
Is 201 a factor of 2925957?
True
Does 31 divide 30628?
True
Is 5891424 a multiple of 28?
True
Does 36 divide 10079820?
True
Is 61 a factor of 5272901?
True
Is 229 a factor of 163964?
True
Is 134 a factor of 2054086?
True
Is 22984 a multiple of 6?
False
Is 60 a factor of 13113?
False
Is 3158353 a multiple of 217?
False
Is 136349 a multiple of 59?
True
Does 24 divide 2059037?
False
Is 830 a factor of 5020670?
True
Is 66 a factor of 381942?
True
Is 19 a factor of 89733?
False
Is 210 a factor of 324030?
True
Is 2610 a multiple of 5?
True
Is 13 a factor of 52468?
True
Is 18747 a multiple of 9?
True
Does 20 divide 2453?
False
Is 59 a factor of 443023?
False
Is 5245236 a multiple of 11?
False
Is 4797973 a multiple of 42?
False
Does 199 divide 58705?
True
Does 137 divide 1061475?
False
Is 33 a factor of 124679?
False
Is 122 a factor of 592195?
False
Is 24988068 a multiple of 126?
True
Is 2634903 a multiple of 621?
True
Does 22 divide 1404480?
True
Is 433886 a multiple of 59?
True
Does 14 divide 9719472?
True
Is 957700 a multiple of 20?
True
Is 12 a factor of 7124463?
False
Does 39 divide 7765017?
True
Does 11 divide 143415?
False
Is 3846026 a multiple of 151?
False
Does 362 divide 34028?
True
Does 714 divide 129234?
True
Is 16 a factor of 983520?
True
Does 152 divide 7683448?
True
Does 342 divide 640566?
True
Is 818264 a multiple of 78?
False
Is 126632 a multiple of 22?
True
Does 258 divide 6472329?
False
Does 9 divide 908158?
False
Is 88 a factor of 672232?
True
Does 152 divide 235999?
False
Does 319 divide 82649?
False
Does 35 divide 22303?
False
Is 1739464 a multiple of 2111?
True
Is 1240350 a multiple of 15?
True
Is 610320 a multiple of 16?
True
Is 14 a factor of 9015762?
True
Does 147 divide 149646?
True
Is 180 a factor of 510932?
False
Is 11 a factor of 3381367?
True
Is 76967 a multiple of 2?
False
Is 29 a factor of 4498016?
True
Is 20192131 a multiple of 1118?
False
Is 37 a factor of 5032169?
False
Does 25 divide 3380775?
True
Does 6 divide 314566?
False
Is 25 a factor of 991400?
True
Does 4 divide 570555?
False
Is 4825468 a multiple of 53?
False
Is 589337 a multiple of 2?
False
Is 38 a factor of 652177?
False
Is 16 a factor of 3284262?
False
Does 8 divide 28768?
True
Is 243670 a multiple of 70?
True
Does 266 divide 3383084?
False
Is 7969759 a multiple of 1405?
False
Is 8 a factor of 95593?
False
Does 19 divide 398050?
True
Is 574839 a multiple of 9?
True
Is 123 a factor of 58217?
False
Does 74 divide 99461?
False
Is 14 a factor of 267377?
False
Does 66 divide 592614?
True
Is 272 a factor of 645816?
False
Is 644 a factor of 438455?
False
Does 14 divide 12712867?
False
Is 400759 a multiple of 24?
False
Is 1353988 a multiple of 679?
False
Is 648635 a multiple of 221?
True
Is 789814 a multiple of 12?
False
Does 2 divide 23798?
True
Is 127 a factor of 2532983?
False
Is 144676 a multiple of 956?
False
Does 6 divide 44550?
True
Is 261 a factor of 1906866?
True
Does 7 divide 5316150?
True
Does 18 divide 134547?
False
Is 3 a factor of 888021?
True
Is 908310 a multiple of 170?
True
Does 458 divide 10550480?
False
Is 772253 a multiple of 11?
False
Is 35 a factor of 2630530?
True
Is 104 a factor of 4338524?
False
Does 14 divide 1224043?
False
Does 99 divide 2613006?
True
Is 165 a factor of 2029170?
True
Is 10 a factor of 537826?
False
Does 20 divide 1309420?
True
Does 89 divide 56960?
True
Is 15 a factor of 3083588?
False
Is 2714850 a multiple of 27?
True
Does 11 divide 2135894?
False
Is 1717663 a multiple of 11?
False
Is 3816024 a multiple of 3?
True
Is 6203 a multiple of 2?
False
Is 22 a factor of 1486562?
True
Is 690 a factor of 376050?
True
Does 202 divide 1115646?
True
Is 400261 a 